 135877.
7, 47, 59
What are the prime factors of 115929?
3, 11, 1171
What are the prime factors of 110635?
5, 7, 29, 109
What are the prime factors of 98527?
11, 13, 53
What are the prime factors of 203175?
3, 5, 7, 43
List the prime factors of 174566.
2, 7, 37, 337
What are the prime factors of 278326?
2, 317, 439
What are the prime factors of 440343?
3, 47, 347
List the prime factors of 832043.
233, 3571
What are the prime factors of 22526746?
2, 11, 1023943
List the prime factors of 3591387.
3, 399043
List the prime factors of 415728.
2, 3, 2887
List the prime factors of 1131665.
5, 239, 947
What are the prime factors of 1506332?
2, 376583
List the prime factors of 340588.
2, 85147
What are the prime factors of 433421?
433421
List the prime factors of 483050.
2, 5, 9661
List the prime factors of 137645.
5, 27529
What are the prime factors of 80768?
2, 631
What are the prime factors of 8500772?
2, 7, 233, 1303
List the prime factors of 4935492.
2, 3, 15233
What are the prime factors of 29847057?
3, 41, 242659
What are the prime factors of 171418?
2, 13, 19, 347
What are the prime factors of 342741?
3, 7, 19, 859
List the prime factors of 1232409.
3, 23, 53, 337
What are the prime factors of 691183?
691183
List the prime factors of 376489.
383, 983
What are the prime factors of 31936010?
2, 5, 3193601
List the prime factors of 924494.
2, 17, 27191
List the prime factors of 763449.
3, 173, 1471
List the prime factors of 1504645.
5, 300929
List the prime factors of 1057406.
2, 7, 47, 1607
List the prime factors of 2258351.
2258351
List the prime factors of 19303.
97, 199
List the prime factors of 13829179.
7, 13, 151969
List the prime factors of 10639483.
79, 134677
List the prime factors of 18262.
2, 23, 397
List the prime factors of 262459.
262459
List the prime factors of 483535.
5, 13, 43, 173
List the prime factors of 283853.
373, 761
List the prime factors of 9945867.
3, 17, 23, 61, 139
What are the prime factors of 270952?
2, 11, 3079
What are the prime factors of 8654002?
2, 7, 59, 10477
List the prime factors of 2317.
7, 331
What are the prime factors of 113267?
7, 11, 1471
List the prime factors of 1440837.
3, 160093
What are the prime factors of 694831?
694831
List the prime factors of 195991.
195991
List the prime factors of 94787.
7, 11, 1231
List the prime factors of 1388176.
2, 53, 1637
What are the prime factors of 1559923?
211, 7393
What are the prime factors of 798867?
3, 37, 2399
List the prime factors of 3827423.
113, 33871
What are the prime factors of 30941040?
2, 3, 5, 13, 47, 211
List the prime factors of 5461786.
2, 11, 409, 607
List the prime factors of 11372815.
5, 31, 239, 307
List the prime factors of 11554013.
401, 28813
List the prime factors of 630887.
17, 37, 59
List the prime factors of 1365508.
2, 17, 43, 467
What are the prime factors of 309355?
5, 61871
What are the prime factors of 16388761?
727, 22543
What are the prime factors of 1518141?
3, 506047
What are the prime factors of 7108087?
7, 145063
What are the prime factors of 442401?
3, 31, 67, 71
What are the prime factors of 18366?
2, 3, 3061
List the prime factors of 6248315.
5, 149, 8387
What are the prime factors of 243683?
11, 22153
List the prime factors of 1820904.
2, 3, 17, 4463
What are the prime factors of 428273?
428273
What are the prime factors of 1092483?
3, 7, 17341
List the prime factors of 1397815.
5, 61, 4583
List the prime factors of 522935.
5, 7, 67, 223
What are the prime factors of 718202?
2, 359101
List the prime factors of 148628.
2, 73, 509
What are the prime factors of 622734?
2, 3, 7, 14827
List the prime factors of 2133443.
13, 29, 5659
List the prime factors of 4745374.
2, 2372687
List the prime factors of 2236880.
2, 5, 27961
List the prime factors of 1383244.
2, 345811
What are the prime factors of 190846?
2, 37, 2579
What are the prime factors of 6474962?
2, 13, 249037
List the prime factors of 2973468.
2, 3, 37, 181
What are the prime factors of 9714349?
23, 422363
List the prime factors of 3131374.
2, 61, 25667
List the prime factors of 1575519.
3, 11, 47743
List the prime factors of 14089466.
2, 43, 173, 947
What are the prime factors of 11433289?
7, 197, 8291
List the prime factors of 157729.
11, 13, 1103
List the prime factors of 267221.
353, 757
List the prime factors of 1081380.
2, 3, 5, 67, 269
List the prime factors of 15946.
2, 7, 17, 67
What are the prime factors of 218372?
2, 7, 11, 709
What are the prime factors of 113970?
2, 3, 5, 29, 131
List the prime factors of 993750.
2, 3, 5, 53
What are the prime factors of 1809493?
7, 258499
What are the prime factors of 134974?
2, 7, 31, 311
List the prime factors of 1228126.
2, 614063
What are the prime factors of 95107?
95107
List the prime factors of 524250.
2, 3, 5, 233
What are the prime factors of 156511?
156511
List the prime factors of 12544.
2, 7
List the prime factors of 3324119.
59, 103, 547
List the prime factors of 188443.
188443
What are the prime factors of 7912691?
2017, 3923
List the prime factors of 338269.
338269
What are the prime factors of 6658325?
5, 266333
List the prime factors of 270925.
5, 10837
What are the prime factors of 266625?
3, 5, 79
What are the prime factors of 1079668?
2, 31, 8707
What are the prime factors of 225082?
2, 11, 13, 787
What are the prime factors of 28396?
2, 31, 229
List the prime factors of 332175.
3, 5, 43, 103
List the prime factors of 26870771.
199, 135029
What are the prime factors of 1084940?
2, 5, 17, 3191
What are the prime factors of 8255150?
2, 5, 165103
What are the prime factors of 3860133?
3, 1286711
List the prime factors of 434846.
2, 41, 5303
List the prime factors of 5694618.
2, 3, 491, 1933
List the prime factors of 2427756.
2, 3, 307, 659
List the prime factors of 262530.
2, 3, 5, 2917
List the prime factors of 32883.
3, 97, 113
List the prime factors of 1823455.
5, 364691
List the prime factors of 29632464.
2, 3, 23, 389
List the prime factors of 393522.
2, 3, 65587
What are the prime factors of 3585023?
13, 97, 2843
What are the prime factors of 3152776?
2, 11, 3257
List the prime factors of 479802.
2, 3, 79967
What are the prime factors of 322287?
3, 7, 103, 149
What are the prime factors of 22658798?
2, 71, 159569
What are the prime factors of 517662?
2, 3, 28759
List the prime factors of 1050271.
863, 1217
List the prime factors of 1691870.
2, 5, 367, 461
List the prime factors of 7829317.
7829317
What are the prime factors of 3465719?
59, 58741
What are the prime factors of 8676695?
5, 1735339
What are the prime factors of 3565973?
137, 26029
List the prime factors of 44821.
7, 19, 337
What are the prime factors of 1877505?
3, 5, 7, 17881
What are the prime factors of 431843?
277, 1559
List the prime factors of 3415721.
563, 6067
List the prime factors of 130397.
19, 6863
List the prime factors of 659121.
3, 219707
What are the prime factors of 247964?
2, 61991
List the prime factors of 702643.
661, 1063
What are the prime factors of 124279?
19, 31, 211
What are the prime factors of 10324247?
10324247
List the prime factors of 315172.
2, 11, 13, 19, 29
What are the prime factors of 2370540?
2, 3, 5, 39509
List the prime factors of 7110666.
2, 3, 4877
List the prime factors of 1276169.
1276169
What are the prime factors of 4256205?
3, 5, 17, 16691
What are the prime factors of 4068457?
17, 89, 2689
List the prime factors of 2551435.
5, 510287
What are the prime factors of 3359754?
2, 3, 186653
List the prime factors of 900716.
2, 83, 2713
What are the prime factors of 1190865?
3, 5, 13, 31, 197
List the prime factors of 158360.
2, 5, 37, 107
What are the prime factors of 270429?
3, 109, 827
What are the prime factors of 8223795?
3, 5, 60917
What are the prime factors of 472924?
2, 137, 863
What are the prime factors of 300733?
300733
List the prime factors of 10825176.
2, 3, 227, 1987
List the prime factors of 14588382.
2, 3, 227, 10711
List the prime factors of 5703931.
23, 247997
List the prime factors of 141365.
5, 7, 577
List the prime factors of 178571.
178571
What are the prime factors of 438440?
2, 5, 97, 113
List the prime factors of 1040384.
2, 127
What are the prime factors of 991547?
991547
List the prime factors of 2188649.
47, 46567
List the prime factors of 5402974.
2, 17, 3